{"id":357,"date":"2024-02-22T15:49:30","date_gmt":"2024-02-22T15:49:30","guid":{"rendered":"https:\/\/derendorfer.com\/?page_id=357"},"modified":"2024-03-12T19:08:31","modified_gmt":"2024-03-12T19:08:31","slug":"impressum","status":"publish","type":"page","link":"https:\/\/derendorfer.com\/?page_id=357","title":{"rendered":"Impressum"},"content":{"rendered":"\t\t<div data-elementor-type=\"wp-page\" data-elementor-id=\"357\" class=\"elementor elementor-357\" data-elementor-post-type=\"page\">\n\t\t\t\t<div class=\"elementor-element elementor-element-9c9433f e-flex e-con-boxed e-con e-parent\" data-id=\"9c9433f\" data-element_type=\"container\" data-e-type=\"container\">\n\t\t\t\t\t<div class=\"e-con-inner\">\n\t\t\t\t<div class=\"elementor-element elementor-element-26c0da4 e-transform elementor-widget elementor-widget-image\" data-id=\"26c0da4\" data-element_type=\"widget\" data-e-type=\"widget\" data-settings=\"{&quot;_transform_translateX_effect_mobile&quot;:{&quot;unit&quot;:&quot;px&quot;,&quot;size&quot;:0,&quot;sizes&quot;:[]},&quot;_transform_translateY_effect_mobile&quot;:{&quot;unit&quot;:&quot;px&quot;,&quot;size&quot;:-61,&quot;sizes&quot;:[]},&quot;_transform_translateX_effect&quot;:{&quot;unit&quot;:&quot;px&quot;,&quot;size&quot;:&quot;&quot;,&quot;sizes&quot;:[]},&quot;_transform_translateX_effect_tablet&quot;:{&quot;unit&quot;:&quot;px&quot;,&quot;size&quot;:&quot;&quot;,&quot;sizes&quot;:[]},&quot;_transform_translateY_effect&quot;:{&quot;unit&quot;:&quot;px&quot;,&quot;size&quot;:&quot;&quot;,&quot;sizes&quot;:[]},&quot;_transform_translateY_effect_tablet&quot;:{&quot;unit&quot;:&quot;px&quot;,&quot;size&quot;:&quot;&quot;,&quot;sizes&quot;:[]}}\" data-widget_type=\"image.default\">\n\t\t\t\t<div class=\"elementor-widget-container\">\n\t\t\t\t\t\t\t\t\t\t\t\t\t\t\t<img decoding=\"async\" width=\"300\" height=\"100\" src=\"https:\/\/derendorfer.com\/wp-content\/uploads\/2024\/03\/medienFORUM-26.10.23Zeichenflaeche-1-300x100.png\" class=\"attachment-medium size-medium wp-image-702\" alt=\"\" srcset=\"https:\/\/derendorfer.com\/wp-content\/uploads\/2024\/03\/medienFORUM-26.10.23Zeichenflaeche-1-300x100.png 300w, https:\/\/derendorfer.com\/wp-content\/uploads\/2024\/03\/medienFORUM-26.10.23Zeichenflaeche-1-1024x341.png 1024w, https:\/\/derendorfer.com\/wp-content\/uploads\/2024\/03\/medienFORUM-26.10.23Zeichenflaeche-1-768x256.png 768w, https:\/\/derendorfer.com\/wp-content\/uploads\/2024\/03\/medienFORUM-26.10.23Zeichenflaeche-1-1536x512.png 1536w, https:\/\/derendorfer.com\/wp-content\/uploads\/2024\/03\/medienFORUM-26.10.23Zeichenflaeche-1-2048x683.png 2048w\" sizes=\"(max-width: 300px) 100vw, 300px\" \/>\t\t\t\t\t\t\t\t\t\t\t\t\t\t\t<\/div>\n\t\t\t\t<\/div>\n\t\t\t\t\t<\/div>\n\t\t\t\t<\/div>\n\t\t<div class=\"elementor-element elementor-element-7ff5bb3 e-flex e-con-boxed e-con e-parent\" data-id=\"7ff5bb3\" data-element_type=\"container\" data-e-type=\"container\" data-settings=\"{&quot;background_background&quot;:&quot;classic&quot;}\">\n\t\t\t\t\t<div class=\"e-con-inner\">\n\t\t\t\t<div class=\"elementor-element elementor-element-c6f1beb elementor-widget elementor-widget-heading\" data-id=\"c6f1beb\" data-element_type=\"widget\" data-e-type=\"widget\" data-widget_type=\"heading.default\">\n\t\t\t\t<div class=\"elementor-widget-container\">\n\t\t\t\t\t<h2 class=\"elementor-heading-title elementor-size-default\">Impressum<\/h2>\t\t\t\t<\/div>\n\t\t\t\t<\/div>\n\t\t\t\t<div class=\"elementor-element elementor-element-db61a3c e-transform elementor-widget elementor-widget-text-editor\" data-id=\"db61a3c\" data-element_type=\"widget\" data-e-type=\"widget\" data-settings=\"{&quot;_transform_scale_effect&quot;:{&quot;unit&quot;:&quot;px&quot;,&quot;size&quot;:1,&quot;sizes&quot;:[]},&quot;_transform_scale_effect_tablet&quot;:{&quot;unit&quot;:&quot;px&quot;,&quot;size&quot;:&quot;&quot;,&quot;sizes&quot;:[]},&quot;_transform_scale_effect_mobile&quot;:{&quot;unit&quot;:&quot;px&quot;,&quot;size&quot;:&quot;&quot;,&quot;sizes&quot;:[]}}\" data-widget_type=\"text-editor.default\">\n\t\t\t\t<div class=\"elementor-widget-container\">\n\t\t\t\t\t\t\t\t\t<p style=\"text-align: center;\">J\u00f6rg Becker-Schweitzer<br \/>L\u00f6nsweg 7a<br \/>48683 Ahaus<\/p><p style=\"text-align: center;\">Postadresse<br \/>Prof. Dr.-Ing. J\u00f6rg Becker-Schweitzer<br \/>Hochschule D\u00fcsseldorf (ISAVE)<br \/>M\u00fcnsterstra\u00dfe 156<br \/>40476 D\u00fcsseldorf<br \/>Kontakt<br \/>Telefon: +49 (0)211 <span class=\"contact_text\">4351 9722 <\/span><br \/>E-Mail: joerg.becker-schweitzer@t-online.de<\/p><p style=\"text-align: center;\"><br \/>Redaktionell verantwortlich<br \/>J\u00f6rg Becker-Schweitzer<br \/>L\u00f6nsweg 7a<br \/>48683 Ahaus<\/p>\t\t\t\t\t\t\t\t<\/div>\n\t\t\t\t<\/div>\n\t\t\t\t\t<\/div>\n\t\t\t\t<\/div>\n\t\t<div class=\"elementor-element elementor-element-2249679 e-flex e-con-boxed e-con e-parent\" data-id=\"2249679\" data-element_type=\"container\" data-e-type=\"container\">\n\t\t\t\t\t<div class=\"e-con-inner\">\n\t\t\t\t<div class=\"elementor-element elementor-element-430ff75 elementor-widget elementor-widget-image\" data-id=\"430ff75\" data-element_type=\"widget\" data-e-type=\"widget\" data-widget_type=\"image.default\">\n\t\t\t\t<div class=\"elementor-widget-container\">\n\t\t\t\t\t\t\t\t\t\t\t\t\t\t\t<img fetchpriority=\"high\" decoding=\"async\" width=\"300\" height=\"300\" src=\"https:\/\/derendorfer.com\/wp-content\/uploads\/2024\/02\/Logo-2020-WeissZeichenflaeche-1@3x-300x300.png\" class=\"attachment-medium size-medium wp-image-364\" alt=\"\" srcset=\"https:\/\/derendorfer.com\/wp-content\/uploads\/2024\/02\/Logo-2020-WeissZeichenflaeche-1@3x-300x300.png 300w, https:\/\/derendorfer.com\/wp-content\/uploads\/2024\/02\/Logo-2020-WeissZeichenflaeche-1@3x-1024x1024.png 1024w, https:\/\/derendorfer.com\/wp-content\/uploads\/2024\/02\/Logo-2020-WeissZeichenflaeche-1@3x-150x150.png 150w, https:\/\/derendorfer.com\/wp-content\/uploads\/2024\/02\/Logo-2020-WeissZeichenflaeche-1@3x-768x768.png 768w, https:\/\/derendorfer.com\/wp-content\/uploads\/2024\/02\/Logo-2020-WeissZeichenflaeche-1@3x-1536x1536.png 1536w, https:\/\/derendorfer.com\/wp-content\/uploads\/2024\/02\/Logo-2020-WeissZeichenflaeche-1@3x-2048x2048.png 2048w\" sizes=\"(max-width: 300px) 100vw, 300px\" \/>\t\t\t\t\t\t\t\t\t\t\t\t\t\t\t<\/div>\n\t\t\t\t<\/div>\n\t\t\t\t\t<\/div>\n\t\t\t\t<\/div>\n\t\t<div class=\"elementor-element elementor-element-3ffe2c8 e-flex e-con-boxed e-con e-parent\" data-id=\"3ffe2c8\" data-element_type=\"container\" data-e-type=\"container\">\n\t\t\t\t\t<div class=\"e-con-inner\">\n\t\t\t\t<div class=\"elementor-element elementor-element-b0afa75 e-transform elementor-widget elementor-widget-image\" data-id=\"b0afa75\" data-element_type=\"widget\" data-e-type=\"widget\" data-settings=\"{&quot;_transform_translateX_effect_mobile&quot;:{&quot;unit&quot;:&quot;px&quot;,&quot;size&quot;:0,&quot;sizes&quot;:[]},&quot;_transform_translateY_effect_mobile&quot;:{&quot;unit&quot;:&quot;px&quot;,&quot;size&quot;:-61,&quot;sizes&quot;:[]},&quot;_transform_translateX_effect&quot;:{&quot;unit&quot;:&quot;px&quot;,&quot;size&quot;:&quot;&quot;,&quot;sizes&quot;:[]},&quot;_transform_translateX_effect_tablet&quot;:{&quot;unit&quot;:&quot;px&quot;,&quot;size&quot;:&quot;&quot;,&quot;sizes&quot;:[]},&quot;_transform_translateY_effect&quot;:{&quot;unit&quot;:&quot;px&quot;,&quot;size&quot;:&quot;&quot;,&quot;sizes&quot;:[]},&quot;_transform_translateY_effect_tablet&quot;:{&quot;unit&quot;:&quot;px&quot;,&quot;size&quot;:&quot;&quot;,&quot;sizes&quot;:[]}}\" data-widget_type=\"image.default\">\n\t\t\t\t<div class=\"elementor-widget-container\">\n\t\t\t\t\t\t\t\t\t\t\t\t\t\t\t<img decoding=\"async\" width=\"300\" height=\"100\" src=\"https:\/\/derendorfer.com\/wp-content\/uploads\/2024\/03\/medienFORUM-26.10.23Zeichenflaeche-1-300x100.png\" class=\"attachment-medium size-medium wp-image-702\" alt=\"\" srcset=\"https:\/\/derendorfer.com\/wp-content\/uploads\/2024\/03\/medienFORUM-26.10.23Zeichenflaeche-1-300x100.png 300w, https:\/\/derendorfer.com\/wp-content\/uploads\/2024\/03\/medienFORUM-26.10.23Zeichenflaeche-1-1024x341.png 1024w, https:\/\/derendorfer.com\/wp-content\/uploads\/2024\/03\/medienFORUM-26.10.23Zeichenflaeche-1-768x256.png 768w, https:\/\/derendorfer.com\/wp-content\/uploads\/2024\/03\/medienFORUM-26.10.23Zeichenflaeche-1-1536x512.png 1536w, https:\/\/derendorfer.com\/wp-content\/uploads\/2024\/03\/medienFORUM-26.10.23Zeichenflaeche-1-2048x683.png 2048w\" sizes=\"(max-width: 300px) 100vw, 300px\" \/>\t\t\t\t\t\t\t\t\t\t\t\t\t\t\t<\/div>\n\t\t\t\t<\/div>\n\t\t\t\t\t<\/div>\n\t\t\t\t<\/div>\n\t\t\t\t<\/div>\n\t\t","protected":false},"excerpt":{"rendered":"<p>Impressum J\u00f6rg Becker-SchweitzerL\u00f6nsweg 7a48683 Ahaus PostadresseProf. Dr.-Ing. J\u00f6rg Becker-SchweitzerHochschule D\u00fcsseldorf (ISAVE)M\u00fcnsterstra\u00dfe 15640476 D\u00fcsseldorfKontaktTelefon: +49 (0)211 4351 9722 E-Mail: joerg.becker-schweitzer@t-online.de Redaktionell verantwortlichJ\u00f6rg Becker-SchweitzerL\u00f6nsweg 7a48683 Ahaus<\/p>\n","protected":false},"author":1,"featured_media":0,"parent":0,"menu_order":0,"comment_status":"closed","ping_status":"closed","template":"","meta":{"_monsterinsights_skip_tracking":false,"_monsterinsights_sitenote_active":false,"_monsterinsights_sitenote_note":"","_monsterinsights_sitenote_category":0,"footnotes":""},"class_list":["post-357","page","type-page","status-publish","hentry"],"_links":{"self":[{"href":"https:\/\/derendorfer.com\/index.php?rest_route=\/wp\/v2\/pages\/357","targetHints":{"allow":["GET"]}}],"collection":[{"href":"https:\/\/derendorfer.com\/index.php?rest_route=\/wp\/v2\/pages"}],"about":[{"href":"https:\/\/derendorfer.com\/index.php?rest_route=\/wp\/v2\/types\/page"}],"author":[{"embeddable":true,"href":"https:\/\/derendorfer.com\/index.php?rest_route=\/wp\/v2\/users\/1"}],"replies":[{"embeddable":true,"href":"https:\/\/derendorfer.com\/index.php?rest_route=%2Fwp%2Fv2%2Fcomments&post=357"}],"version-history":[{"count":10,"href":"https:\/\/derendorfer.com\/index.php?rest_route=\/wp\/v2\/pages\/357\/revisions"}],"predecessor-version":[{"id":792,"href":"https:\/\/derendorfer.com\/index.php?rest_route=\/wp\/v2\/pages\/357\/revisions\/792"}],"wp:attachment":[{"href":"https:\/\/derendorfer.com\/index.php?rest_route=%2Fwp%2Fv2%2Fmedia&parent=357"}],"curies":[{"name":"wp","href":"https:\/\/api.w.org\/{rel}","templated":true}]}}